hat is the tens digit of b?
2
Suppose -4 = -5*v - 19, -5*q + 2079 = -3*v. What is the hundreds digit of q?
4
Suppose d - 364 = -2*h + 348, -2*h + 716 = 3*d. What is the units digit of h?
5
What is the tens digit of -4 + (80063/207 - 4/(-18))?
8
Suppose 4*n = -3*z - 243 + 4260, -3*z = 5*n - 5022. What is the units digit of n?
5
Let c(r) = r**3 + 10*r**2 + 7*r - 13. Let s be c(-9). Suppose 16 = s*h - 4. Suppose -h*d + 0*d = -40. What is the units digit of d?
0
Let o be (10/(-25))/((-2)/(-120)). Let y be (-42)/o - 1/(-4). Suppose -5*k + 216 = -4*z, 7*k - y*k + 2*z = 192. What is the units digit of k?
0
Let l be -1 + -2 + 8/1. Let h(o) = 2 - 2 - 2 + l*o**2 + 4*o. What is the units digit of h(-2)?
0
Let f = -33 + 34. Suppose 3 = a - f. What is the units digit of a?
4
What is the tens digit of (-354)/(-2) + (5 - 3/1)?
7
Suppose 136 = -9*b + 4*b + w, 92 = -4*b + 5*w. Let d = b - -42. What is the units digit of d?
4
Let g(r) = -r**3 + 9*r**2 - 7*r - 10. Let u be g(8). Let l = u - -5. Suppose -l*x = -27 - 39. What is the units digit of x?
2
Let c be ((-6)/18)/((-116)/39 + 3). What is the units digit of 739/13 + (-2)/c?
7
Let t(c) = 1. Suppose 6 = -3*p - 0*p, 0 = -4*y - 2*p - 8. Let m(h) = h**2 - 12*h + 9. Let f(n) = y*m(n) + 4*t(n). What is the units digit of f(10)?
5
Let i(s) = -104*s + 10. Let w be i(-5). Let h = w - 359. Let u = h + -105. What is the tens digit of u?
6
Let s = 2024 + -477. What is the hundreds digit of s?
5
Let i be 14*(-18)/(-3 + 36/8). What is the tens digit of (-1)/(2/i) + (-11 - -10)?
8
Suppose -28*x + 241800 = 37*x. What is the tens digit of x?
2
Suppose 2*t - 3*y = 1503, 515 = -2*t - 3*y + 1988. What is the tens digit of t?
4
Let u be (-27)/18*(-14)/3. Suppose -2*o - 10 = -u*o. What is the units digit of o?
2
Suppose 4934 + 2666 = 8*j. What is the tens digit of j?
5
Let g(s) = 1. Let k(b) = b**2 - 6*b - 5. Let l(x) = 2*g(x) - k(x). What is the units digit of l(5)?
2
Let q = -35 + 39. Suppose 4*x = q*g - 28, -4*g - 2*x = g - 49. What is the units digit of g?
9
Let u(l) = 7*l**3 + 10*l**2 + 5*l - 17. What is the hundreds digit of u(6)?
8
Suppose 3*k - 15 = -0*k. Let c(w) = -w - 8. Let s be c(-8). Suppose s = k*n - 36 - 239. What is the tens digit of n?
5
Let p be ((-9)/(-9))/((-2)/(-6)). Suppose r - 755 = -4*v, 0 = p*v + 6*r - 11*r - 572. What is the hundreds digit of v?
1
What is the hundreds digit of 5 + -10 - -12*(-134)/(-3)?
5
Suppose -3525 = -10*d + 3505. What is the hundreds digit of d?
7
Suppose -5*p = 2*p - 917. Suppose t - 62 = -3*c, 3*c = -3*t + 5*c + p. What is the units digit of t?
7
Let x(p) = -142*p + 49. What is the tens digit of x(-12)?
5
Suppose -3*m = 4*k - 3545, 8*k - 9*k + m = -888. What is the tens digit of k?
8
Let q = -175 - -479. What is the tens digit of q?
0
Suppose -129*g + 126*g = -3252. What is the tens digit of g?
8
Let c(w) = w**2 + 1. Let v be c(-1). Suppose -19*r + 16*r = 0. Suppose 2*l - 24 = 3*y - 4*y, r = -3*y + v*l + 80. What is the tens digit of y?
2
Suppose -3*m = -2*m. Let k = m - 0. Suppose x + 1 = i - x, k = 3*x. What is the units digit of i?
1
What is the units digit of -7 + 3 - -483 - 5?
4
Suppose -54*k = -56*k + 1414. What is the hundreds digit of k?
7
Suppose 2*a - 522 + 72 = 0. Let y = a - 82. What is the hundreds digit of y?
1
Let p be ((-6)/5)/((-2)/10). Let a(y) = -17*y + 2. Let q be a(-3). Suppose -p = 5*f - 3*c - 26, -q = -4*f - 5*c. What is the units digit of f?
7
Let a = 81 + -83. What is the units digit of 86 + 6/a - 0?
3
Let d be (-4)/8 - 15/(-6). Suppose -2 = r - d*r. Suppose 4*g - r = 6. What is the units digit of g?
2
Let m = 40 + -10. Let v = m + 6. Suppose -3*n = -6*n + v. What is the units digit of n?
2
Suppose -2222 - 1498 = -8*d. What is the units digit of d?
5
Suppose 681172 = 86*p + 230360. What is the thousands digit of p?
5
Let k = 462 - 353. What is the hundreds digit of k?
1
Suppose 47113 = -39*q + 50*q. What is the tens digit of q?
8
Let r(b) = 53*b**2 - 21*b + 1. What is the tens digit of r(4)?
6
Suppose 0 = 4*u + 4, -3*x - 13*u = -10*u - 864. What is the tens digit of x?
8
Suppose 25*c = 8*c + 33847. What is the tens digit of c?
9
What is the hundreds digit of (-800)/(-8)*(-2)/(-2)?
1
Let y(p) = -36*p - 9. What is the tens digit of y(-14)?
9
Let p(n) = -n**3 + 6*n**2 + 8*n + 1. Let z be p(7). Let t = z - 18. Let h(a) = -a**2 - 12*a + 12. What is the units digit of h(t)?
2
Suppose 0 = 12*a - 7*a - 565. Suppose -5*r - y - a = 0, 0*y - y = 2*r + 44. Let d = 31 + r. What is the units digit of d?
8
Let g(b) = -82*b - 18. What is the hundreds digit of g(-6)?
4
Let i = 14 + -16. Let g be i*3/(12/62). Let u = 75 + g. What is the tens digit of u?
4
Let t(z) be the first derivative of -z**4/2 + 16. What is the units digit of t(-1)?
2
Suppose 30*l - 21*l = 6255. What is the units digit of l?
5
Let m be 3 - 0*(-1)/3. Suppose -49 - 221 = -m*q. Let k = -62 + q. What is the tens digit of k?
2
Let t be 1/(-4)*-14*-4. Let p = t + 13. What is the units digit of 38 + 0 - (-1 + p)?
0
Let q be 2/((-3)/5 - -1). Suppose 0*r + 143 = 4*j - 3*r, 4*j - q*r - 145 = 0. Suppose 5*m + 0 = j. What is the units digit of m?
7
Suppose -4*q - 308 = -8*q. Suppose -5*u - 3*t - t = -196, -3*t = 2*u - q. What is the tens digit of u?
4
Let d(t) = 4*t + 16. What is the units digit of d(24)?
2
Let l(r) = 250*r**2 - 8*r + 15. What is the thousands digit of l(3)?
2
Let o(g) = 2*g**3 - 3*g - 2*g**2 + 0 + 8 + 4*g**2 - 2. What is the tens digit of o(3)?
6
Suppose 4 + 12 = 8*s. Suppose -5*b + 60 = -4*p, -s*p - p + 1 = 2*b. What is the units digit of b?
8
Suppose 0 = -3*r + 183 + 522. Suppose 0 = 4*n - 133 - r. What is the tens digit of n?
9
Let n be ((-6)/(-9))/(1/117). Let u = n - 116. Let x = u - -71. What is the units digit of x?
3
Suppose 1 = -y - 2*s - 1, 12 = y - 5*s. Suppose 5*k - 264 = -y*c, 3*k + 3*c - c - 160 = 0. What is the units digit of k?
2
Let v = -16 + 19. Suppose v*s + 43 = -23. Let k = -21 - s. What is the units digit of k?
1
Let r(n) = -8*n - 13. Let x be r(-4). Suppose -5*l + 5*m + 856 = -x, -5*l = m - 881. What is the tens digit of l?
7
Suppose 11*d - 12681 = -1945. What is the tens digit of d?
7
Suppose -340 + 1365 = 5*s. Suppose -8*c + 9*c = s. What is the units digit of c?
5
Suppose 10*c - 14*c = 5*w - 19407, -5*c = -3*w + 11622. What is the thousands digit of w?
3
Suppose -c = -t + 805, 0*t - 1612 = -2*t + c. What is the tens digit of t?
0
Let p be 38/9 + (-18)/81. Suppose 2*s + 6 = t, -p*t + 6*t + s - 2 = 0. Suppose -11 = -t*d + h + 2*h, -h + 53 = 5*d. What is the tens digit of d?
1
Suppose 2*l - 5*f = 1197, -1793 = -3*l - 0*f + 5*f. What is the hundreds digit of l?
5
Let k = -739 + 759. What is the units digit of k?
0
Let v(r) = 5*r**3 - r**2 - 7*r + 7. Let j be v(3). What is the tens digit of 12/((-2)/(j/(-12)))?
5
Suppose c + 22 = 174. What is the units digit of c?
2
Let j(o) = -6*o - 2. Let v be j(-1). Suppose 2*q - 2*n - 148 = 0, 2*n - v*n = -4*q + 296. What is the tens digit of q?
7
Suppose -16*w + 1570 = -366. What is the tens digit of w?
2
Let i(o) = 14*o**3 - 5*o**2 - 3*o + 1. Let l be i(-1). Let a(z) = 0*z**2 - 2*z**2 - 20*z - 19 + z**2. What is the tens digit of a(l)?
5
Let l be 4/10 - (-18)/30. Suppose 0 = 2*i + 5*a - 9, -7*i + 2*i = a - 11. What is the tens digit of i + l - -1*9?
1
What is the hundreds digit of 6*(98430/36)/17?
9
Let y = 810 + -138. What is the units digit of y?
2
Let f = 4512 + -968. What is the thousands digit of f?
3
Let m be 8/(-14)*(12/(-1) + 5). Let t be (2/5)/((-1)/(-25)). Suppose -p = m*p - t. What is the units digit of p?
2
Let a(q) = -46*q - 6. Let j be a(-3). Let u = -74 + j. What is the tens digit of u?
5
Let j = 2668 + -1467. What is the thousands digit of j?
1
Suppose 0 = 5*t - 4*i - 29, i = 4*i + 3. Let l = t - -9. What is the units digit of l?
4
Let r = 14 - 11. Suppose r*s = 2*o + 3, -2*o + o = -s. Suppose 0 = -4*d + o*d + 10. What is the units digit of d?
0
Let l(c) = 22*c**2 - 3*c - 2. Suppose -3*p - 13 = -k, -1 = -p + 2*k - 12. Let z be l(p). Suppose 0*r = 5*r - z. What is the units digit of r?
1
Suppose w + 3*w + 8 = 4*x, 2*x + w = 4. Let n(i) = -2*i**2 + 4 + 3*i + 0*i**x - i**2 - 2 + i**3. What is the tens digit of n(3)?
1
Let x = 13 + -12. Let j(h) = -x + 8 + 3*h + 0. What is the tens digit of j(5)?
2
Suppose -348 = -4*m 